 of x(-58).
2, 5, 103
Suppose 122*k + 172680 = 69*k + 73*k. List the prime factors of k.
2, 3, 1439
Suppose 0 = -36*j + 43124 + 255136. What are the prime factors of j?
5, 1657
Suppose 4*u = -16, -42 = -9*x + 4*x + 3*u. Let v be x/9 - (-12)/9. Suppose -o - v = 2, -5*m = 5*o - 425. What are the prime factors of m?
89
Let r(w) = w**2 - 8*w + 27. Let n = -120 - -123. Suppose -i - i = n*k - 21, 5*k + 15 = 5*i. List the prime factors of r(i).
3, 5
Let q(w) = -2*w**2 + 18*w - 37. Let v(l) = 5*l**2 - 35*l + 75. Let u(g) = 7*q(g) + 4*v(g). List the prime factors of u(8).
313
Let j(h) = 4*h**2 + 7*h - 13. Let q be j(-7). Suppose q = 6*f - 5*f. What are the prime factors of f?
2, 67
What are the prime factors of 4310 - 1 - (-16 - -10)?
5, 863
Suppose -47*f + 62*f = 41940. Suppose -18*m + f = -2100. What are the prime factors of m?
2, 17
Let g(b) be the first derivative of 4*b**3/3 - 4*b**2 - 19*b - 9. What are the prime factors of g(-14)?
877
Suppose 0 = 308*z - 217304 - 694068. List the prime factors of z.
11, 269
Let s = -5479 + 5305. Suppose k - 3*d = -k + 636, k - 318 = -4*d. Let n = s + k. What are the prime factors of n?
2, 3
Let f(u) = -35342*u - 1737. What are the prime factors of f(-1)?
5, 11, 13, 47
Let c(a) = a**2 - 2. Let b(s) = 4*s**2 + 14*s - 23. Let f(q) = -b(q) + 5*c(q). Suppose 39 + 13 = 4*t + 5*i, 0 = t + 3*i - 6. What are the prime factors of f(t)?
5, 17
Suppose -27*i = -29*i - 24. List the prime factors of (-4)/(-3) - -1578*i/(-54).
2, 11
Let f(k) = -9 - 1 + 11 + 23*k. Let j(d) = -11*d. Let q(a) = -3*f(a) - 5*j(a). List the prime factors of q(-3).
3, 13
What are the prime factors of -4 + (-8 - 128/(-8) - (-73156)/2)?
2, 3, 7, 13, 67
Let a = 1876 + -674. Suppose -10*q + 2068 = -a. What are the prime factors of q?
3, 109
Suppose -13*a + 70 = -3*a. Suppose 36 = a*o + 5*o. Suppose -195 = -4*t + o*t. What are the prime factors of t?
3, 5, 13
Let i = 13 - 9. Suppose 5*r = i*r - 4, -1732 = -4*h - 4*r. What are the prime factors of h?
19, 23
Suppose 0 = 5*y - 5*q - 173930, 0 = 4*y + 25*q - 22*q - 139207. What are the prime factors of y?
5, 6959
Let l(h) = 19*h**2 + 15*h + 79. Let b be l(-6). Let m = 48 + b. List the prime factors of m.
7, 103
Let s = -52873 - -75385. What are the prime factors of s?
2, 3, 7, 67
Suppose -5*a = 3*w - 45698, 0 = -26*a + 29*a + 4*w - 27410. List the prime factors of a.
2, 7, 653
Let n be 8/100 - (-15798)/25. Let p = -195 + n. List the prime factors of p.
19, 23
Let v be 32/20*-446*25/(-10). Suppose -b = 5*l - 1135, -5*b + v + 4036 = -4*l. List the prime factors of b.
2, 5, 29
Let d = -96 - -96. Suppose d = 3*k - 12, -4*o + 2*k + 5528 = -0*k. Suppose 4*u - o = -4*u. List the prime factors of u.
173
Suppose 0 = -131*z + 1479112 - 1134514 + 1459272. What are the prime factors of z?
2, 3, 5, 17
Let a = 3471 + -1481. Suppose 0 = -2*g + 2*o + a, g - 5*g + 3984 = -2*o. List the prime factors of g.
997
Suppose 14*j - 128 = -44. Suppose 0 = -j*w - 112 + 568. List the prime factors of w.
2, 19
Let i = -290 - -78. Let x = 444 - i. List the prime factors of x.
2, 41
Let k(q) = 9*q + 33. Let i be k(4). Suppose -i*m - 6 = -68*m. Let w(u) = -18*u + 11. What are the prime factors of w(m)?
7, 17
Suppose -23 = -2*g - 0*i - i, 67 = 3*g - 5*i. Let y = 32 - g. Let n = 65 + y. List the prime factors of n.
83
Let q = 7319 - 5125. List the prime factors of q.
2, 1097
Let b = -1126 + 2198. Suppose -238 - 286 = -r + 5*f, 0 = -2*r + 4*f + b. Suppose -13*j + 17*j = r. List the prime factors of j.
2, 17
Let c(d) = 4*d**3 - 3*d**2 + 2. Let t be c(1). Suppose 4*y + t*j = 2*j + 1100, -2*j = -5*y + 1375. What are the prime factors of y?
5, 11
Let o = 53176 + -34968. List the prime factors of o.
2, 569
List the prime factors of 4*((4 - (-7)/(-2)) + 6).
2, 13
Suppose -54*i = 29*i - 536678. What are the prime factors of i?
2, 53, 61
Let p = 233 - 230. Suppose 0 = -q - 5*j + 521, p*j + 2*j - 1583 = -3*q. List the prime factors of q.
3, 59
Suppose -3*z + 74738 = -5*x, 16*x - 99608 = -4*z + 12*x. List the prime factors of z.
2, 3, 7, 593
Suppose 0 = 5*f + 3*a - 6*a - 107, 2*a + 86 = 4*f. What are the prime factors of (f/3)/((-8)/(-492))?
11, 41
Let z be 381/24 + 11/88. Let q(n) = -5*n**2 + 21*n + 30. Let h(l) = -l**2 + l. Let c(u) = 3*h(u) - q(u). What are the prime factors of c(z)?
2, 97
Suppose n + 50 = 11*n. Suppose 2*j = k + 267, n*k = 4 + 1. List the prime factors of j.
2, 67
Let x(l) = 953*l**2 - 5*l - 5. List the prime factors of x(2).
3797
Let n be (-15)/10*48 - 0. Let a = n + 75. Suppose v - 4*u = 99, a*v - 2*u - 27 = 270. What are the prime factors of v?
3, 11
Suppose 42*o + 19011 = 16836 + 47241. List the prime factors of o.
29, 37
Suppose -8*g + 11*g + 3*t - 255 = 0, 5*t - 69 = -g. Suppose -4*p = -12, 531 = z + p - g. What are the prime factors of z?
617
Let x(o) = -75*o**3 + 11*o**2 + 15*o + 4. Let b(l) = 38*l**3 - 6*l**2 - 8*l - 2. Let d(m) = 5*b(m) + 3*x(m). List the prime factors of d(-2).
2, 71
Let m(b) = 7*b**3 + 4*b**2 - 5*b + 18. Let n be 5 - (-111)/(-24) - (-21)/8. Suppose n*o - 37 = -28. List the prime factors of m(o).
2, 3, 19
Let q = 605 - 603. Suppose -4*p = -4*k - 3908, 18*k - 1946 = -q*p + 22*k. List the prime factors of p.
3, 109
Let o be (-9 + 6)/(1 - (-1 + 1)). Let s be -11*(o/(-6) + 114/(-4)). Suppose -s = -5*m + 257. What are the prime factors of m?
113
Suppose -22*v - 5 = -17*v, 0 = 5*j - 4*v - 40219. List the prime factors of j.
3, 7, 383
Let o = -5 - 35. Let n = 1 - o. Let c = n + 1. What are the prime factors of c?
2, 3, 7
Let g(q) be the second derivative of -19*q**3/6 - 19*q**2 - 6*q - 4. List the prime factors of g(-6).
2, 19
Let d = -50208 + 71288. List the prime factors of d.
2, 5, 17, 31
Let n be (-4 - (-208)/36) + (-6)/(-27). What are the prime factors of ((-756)/(-45))/(n/5)?
2, 3, 7
Suppose -5*y - 4*c = -3355 - 19812, 9278 = 2*y - 4*c. List the prime factors of y.
3, 5, 103
Let y(p) = p**2 - 7*p - 12. Suppose -4*t - 2*n - 3*n + 12 = 0, -n + 4 = t. Let x be y(t). What are the prime factors of (4 + -10)/(x/134)?
3, 67
Suppose 81*c - 4392004 = 943223. List the prime factors of c.
65867
Suppose -4*t + 34530 = -86160 - 33626. List the prime factors of t.
173, 223
Suppose 12219 + 3596 = 3*v + 4*a, 6 = 3*a. What are the prime factors of v?
11, 479
Suppose -9*h = -8029 + 2746. Suppose h + 5 = 2*t. What are the prime factors of t?
2, 37
List the prime factors of (-32)/(-240) + 79453/15.
5297
Let p(s) = 532*s**2 + 5*s + 4. Let g be p(-4). Suppose 2*l = -4*l + g. What are the prime factors of (l/(-9))/(-4)*(-15)/(-10)?
59
Suppose 4*w + 4 = 5*n - 3, 6 = 3*w. Suppose -n*h = -11 + 2. Suppose -276 = -3*z - h*y, -116 = -z - 0*z + 5*y. What are the prime factors of z?
2, 3
Let f = 60 + 513. Let w(c) = -2*c**3 - 22*c**2 - 19*c + 18. Let o be w(-10). Suppose o*a = 3*a - b + f, 4*a = 3*b + 447. What are the prime factors of a?
2, 3, 19
Suppose -21743 + 4163 = -15*l. Suppose -3*u + l = -5*r, -3*r + 481 = 2*u - 294. List the prime factors of u.
389
Let l(p) = -2*p. Let a be 4/(-36)*2 - (-7)/(-9). Let q be l(a). Suppose q*b - 148 = 4*f - 2*f, 3*b - 2*f - 222 = 0. List the prime factors of b.
2, 37
Let z(k) = -5*k**3 + 38*k**2 + 23*k + 43. List the prime factors of z(-10).
3, 11, 29
Let n be (117/78)/(3/1958). Let x = n + -641. What are the prime factors of x?
2, 13
Let t(j) = -13 - 5*j + 16 + j**2 - 7. Let m be t(-1). Suppose 4*u - 2*u - 12 = -m*n, 2*u + 3*n = 9. List the prime factors of u.
3
Suppose 73176 = -27*x + 19*x. What are the prime factors of (-54)/99 - x/11?
3, 277
Let w be (-2)/(-6) + 1806/(-18). Let q = w - -222. What are the prime factors of (-6)/3 + (q - 3) + -1?
2, 29
Let y(b) = 67*b**2 + 1306*b + 22. What are the prime factors of y(7)?
3, 461
Suppose 2*v + 14 = 24. Suppose -2*u - 5*j + 411 = 0, -v*u = -u - 2*j - 834. What are the prime factors of u?
2, 13
Let v(k) = -k**2 + 4*k + 3. Let c be v(3). Suppose 0 = 4*a - 2*d - 2236, c*a - 4*d = a + 2798. What are the prime factors of a?
2, 3, 31
Suppose o - z = 12950, -4*o + 134*z - 137*z + 51821 = 0. What are the prime factors of o?
12953
Let u be ((-7)/3)/(1/24). What are the prime factors of (u/16)/((-2)/284)?
7, 71
Let o(r) = r**2 - 6*r + 6. Let u be o(8). Suppose -k + 152 = k. Let c = k - u. What are the prime factors of c?
2, 3
Let x(q) = 89*q**2 - 81*q + 1